tens digit of z?
8
Let h(z) = -10*z**3 - 12*z**2 - 5*z - 4. What is the tens digit of h(-4)?
6
Let g be (-3 - (-63)/15)/(9/8760). Suppose -8*l = -24 - g. What is the hundreds digit of l?
1
Suppose 44*i - 61394 = 1966. What is the thousands digit of i?
1
Let u(v) = v**2 + 11*v + 14. Let y be u(-12). Let g = y - 22. Suppose 3*r - 4*s = 76, 68 = g*r - 0*s + 3*s. What is the tens digit of r?
2
Let y = 9 + -8. Let r = 1 - y. Suppose r = -5*n - 2*s - 0*s + 21, 0 = 5*n - 5*s. What is the units digit of n?
3
Suppose f = -2 + 19. Suppose 0 = -f*p + 184 + 1227. What is the units digit of p?
3
Suppose -3*r = -2*s - 1404, 3*r = 4*r - 2*s - 468. What is the hundreds digit of r?
4
Suppose 2*i = -1 + 5. Let c = i - -5. Suppose -x + 34 = -2*h + c*h, -4*x + 3*h = -67. What is the tens digit of x?
1
Let p(g) = g**3 + 19*g**2 + 6*g + 21. What is the hundreds digit of p(-8)?
6
Let j = 3 - 1. Suppose -2*c = -5*c - j*r + 115, 0 = 3*r + 12. What is the tens digit of c?
4
What is the thousands digit of ((-2488)/(-3))/(2/3) - -3?
1
Let x be 2/(-5) + (-1470)/(-50). Suppose -3*u - s + x = 3*s, 3*u + 3*s = 24. Suppose -20 = 4*g, -8 - 20 = -u*c - g. What is the units digit of c?
1
Let d(h) = -3*h + 5*h + h**3 - 5*h**2 - 15 + 8. Let q be d(5). What is the units digit of (5/4)/(q/12)?
5
What is the units digit of (16 + -9)*(3 - 1 - -49)?
7
Let y = -30 - -32. Suppose 3*b = y*i + 260, 190 = 2*b + 3*i - i. What is the tens digit of b?
9
Suppose 7 = -2*o + 5*n, 4*n + 16 = -o + 5*o. Suppose 35 - o = 4*x - 3*l, -34 = -4*x - l. What is the units digit of 4/(x/14) + -2?
5
Suppose -4*s = -2*u + 3*u, 4*u = 5*s - 21. Let v be ((-28)/(-8))/7*u. What is the units digit of (v/(-3))/(9/27)?
2
Suppose 3*a - 2549 - 859 = 0. What is the hundreds digit of a?
1
Let v(f) = f + 3. Let t be v(11). Suppose d - t - 5 = 0. What is the units digit of d?
9
Suppose 4*r - 5*f = 26, -2*r + 10 + 6 = -4*f. Suppose 2*g - r*g + 192 = 0. What is the tens digit of g?
9
Suppose 0 = -4*s + 5*z + 63, 8*s - 3*s - z = 63. Suppose 4*l + o - 405 = 0, o + 3*o = -s. What is the tens digit of l?
0
Suppose 49*g = 16*g + 89397. What is the units digit of g?
9
Suppose 0*n - 4*p + 13 = 5*n, 0 = -5*n + p + 28. Suppose 0 = q - 3*r - 70, -3*q - 30 = -4*q - n*r. What is the units digit of q?
5
Let a = -32 - -32. Let n(v) = -v**2 - v + 36. What is the units digit of n(a)?
6
What is the units digit of 1 - (-7)/(49/546)?
9
Suppose -w - 2 = 2*y - 3, -4*w - 3*y + 14 = 0. Suppose 2*p + f - 3*f - 22 = 0, w*f = -10. What is the units digit of p?
9
Let h = 229 + 891. What is the hundreds digit of h?
1
Let f(q) = 299*q + 13. What is the units digit of f(3)?
0
What is the units digit of -7 + (-6066)/(-12) - 2/4?
8
Let m(i) = 1787*i**2 + i + 1. What is the thousands digit of m(1)?
1
Suppose -o + 4*o + 153 = 0. What is the tens digit of (4 - -12)/(-4) - o?
4
Let f(c) = c**2 - 5*c - 12. Let v be f(6). What is the units digit of v/21 + (-51)/(-7)?
7
Let c(u) be the second derivative of u**4/12 + u**3 - 11*u**2 - 11*u. What is the hundreds digit of c(13)?
2
What is the units digit of 4/((-16)/5682)*(-6)/9?
7
Let h = 31 - 82. What is the units digit of (6 + -3)*-1 - h?
8
Let z = 7476 + -4311. What is the thousands digit of z?
3
Suppose -2*u + 4*r = -724, 11*r = -u + 7*r + 380. Let g = u - 218. What is the tens digit of g?
5
Let c be (-56)/(-26) - (-6)/(-39). Suppose -c*f = -0*f. Suppose -2*x = -f*x - 90. What is the tens digit of x?
4
Let j(k) = k**2 + 8*k + 1. Let n be j(-7). Let w be (-1306)/n - 6/9. Suppose -w = -5*t + 3*h, 0 = 4*h + 6 + 10. What is the units digit of t?
1
Let r = 11 + 187. What is the tens digit of r?
9
Suppose 0 = 2*j + 5*i - 1069, 0 = -5*j + i - 6*i + 2710. What is the tens digit of j?
4
Let o(q) = -2*q**3 + 123*q**2 - 15*q + 138. What is the thousands digit of o(61)?
2
Suppose 64 = k - 497. What is the units digit of k?
1
Let x(r) be the first derivative of r**4/4 + 4*r**3/3 + r**2/2 - 5*r - 16. What is the units digit of x(4)?
7
Let d(w) = -10*w + 8. Let x be d(4). Let r be 18/8*x/(-8). What is the units digit of (3 - 2)/(1/r)?
9
Suppose -z = -4*z + 5*w + 40, z - 5*w = 0. Suppose -4*r + 116 = -3*i, -3*i + 72 = 4*r - z. Suppose -5*x + 74 = -r. What is the tens digit of x?
2
Let b(z) = 239*z + 6. Let r be b(2). What is the tens digit of r/4 - (-12)/3?
2
Let q(s) be the third derivative of s**6/120 + s**5/10 - s**4/24 - 2*s**3/3 + 3*s**2. Let y be q(-6). Suppose -y*j = -j - 39. What is the units digit of j?
9
Suppose -t = -275 - 120. Let w = t + -156. What is the tens digit of w?
3
Suppose 5*c - 42 + 2 = 0. Let n = 58 - 45. Suppose -5*v - c = -n. What is the units digit of v?
1
Let w(o) be the second derivative of -o**6/360 + o**5/15 + 3*o**4/8 + o**3 - 2*o. Let v(f) be the second derivative of w(f). What is the units digit of v(7)?
6
Let j be -3*(-2)/(-18) - (-86)/6. Suppose -j*o + 4*o = -1490. What is the units digit of o?
9
Let s be (-12)/(-30) + (-3)/(-5). Suppose d + 9 = u, 2*u - 31 + s = -2*d. Let f = -11 + u. What is the units digit of f?
1
Suppose 8*g - 4*b = 19404, 2*b + 2767 = -4*g + 12489. What is the tens digit of g?
2
Let s(x) = 5*x**2 + 27*x - 15. What is the tens digit of s(-12)?
8
What is the tens digit of 1 - (-5)/(-7) - (-22233)/21?
5
Let p(u) = 7*u**2 + 6*u + 4. Let k be (4/12*9)/(1 - 2). What is the units digit of p(k)?
9
Let z(n) = 2*n**2 - 17*n - 5. Let g be z(9). Suppose g*p = 6*l - 2*l - 60, p - 25 = -3*l. What is the units digit of l?
0
Let c = 8 + 0. Suppose 0 = 4*r - c. Suppose -2*l - 52 = -4*u, 83 = 5*u - 0*u + r*l. What is the units digit of u?
5
Let h be 374/(-418) - 2/19. What is the units digit of (h + (-101)/(-5))*(-10)/(-3)?
4
Let d(j) = -43*j - 35. What is the hundreds digit of d(-9)?
3
Suppose 1739 = -w + 2*l + 5991, -3*w + 4*l = -12756. What is the hundreds digit of w?
2
Let n be 35/4 + 27/(-36). Let m be ((-3)/5)/(1/(-5)). Suppose -120 = m*v - n*v. What is the units digit of v?
4
Suppose -4*a - 12 = 0, 0 = -2*m - a - 4*a + 813. What is the units digit of m?
4
Suppose -10441 = -5*l - 4*y, -4*l - y = 198 - 8553. What is the hundreds digit of l?
0
Let s(q) = -4*q**2 + 5*q + 6*q**2 - q**2. Let z be s(-5). Suppose 54 = 3*h - z*g + 5*g, 2*g = 5*h - 121. What is the units digit of h?
3
Let h(s) = 11*s + 17. Suppose -4*g - 3 = -19. What is the units digit of h(g)?
1
Let s(b) = 5*b + 6. Let y be s(-5). Let u = -12 - y. Let d = u - -3. What is the units digit of d?
0
Suppose -4*s + 3*v = -2243, -2*v + 394 = -5*s + 3196. What is the tens digit of s?
6
Let b be 14/(-77) - 1413/33. Let y = b - -74. What is the units digit of y?
1
Let l(b) = 10*b**2 - 2*b - 3. Let w(a) = 5*a**2 - a - 2. Let y(n) = -6*l(n) + 13*w(n). What is the units digit of y(3)?
4
Let q = 1902 + -674. What is the tens digit of q?
2
Suppose 4*i = 7*i - 9. Suppose 0*b + 21 = i*b. What is the units digit of b?
7
Suppose 2*n + 340 = 6*n. Suppose m - l - n + 5 = 0, -l = m - 86. What is the tens digit of m?
8
Suppose 31*x - 24571 + 5785 = 0. What is the hundreds digit of x?
6
Suppose 5*u - 24 = 1. Let g be (-8 - -2)*3*-1. Suppose g = -u*s + 63. What is the units digit of s?
9
Suppose f - 21 = 5. Let a be ((-13)/f)/(1/(-8)). What is the units digit of 3/(460/112 - a)?
8
Suppose 0 = -4*u + 16. Suppose u*o - 655 = -3*f - o, -2*f + 440 = 5*o. Suppose 4*k = -k + f. What is the tens digit of k?
4
Let y be (6/(-4))/(3/28). Let q = 14 + y. Suppose q = 5*o - 41 - 44. What is the units digit of o?
7
Let n be 54/12 - ((-1)/1)/(-2). Suppose -n*x = 5*x - 873. What is the tens digit of x?
9
Let z(r) = -22*r**3 - 5*r**2 - r + 4. What is the tens digit of z(-3)?
5
What is the units digit of (2/(12/(-7515)))/((-6)/8)?
0
Let s(z) = 42*z**2 + 2*z - 6. What is the hundreds digit of s(-4)?
6
Let m(y) = 5*y**2 - 6*y - 10. Let j(d) = d**2 + d - 1. Let o(w) = -6*j(w) + m(w). What is the tens digit of o(-6)?
3
Suppose 0 = -4*m - 4*r + 348, -4*r + 57 = -2*m + 261. Suppose 5*l + 2*s - m - 322 = 0, -4*l + 330 = s. What is the units digit of l?
2
Let g(p) = -4*p + 16. Let y be g(-8). Suppose 85*n = 88*n - y. What is the tens digit of n?
1
Let o(m) = 30*m + 23. Let a be o(3). Let i = 117 - a. What is the units digit of i?
4
What is the tens digit of 8/1*(32 - -86)?
4
Suppose -4*f - 56 + 24 = 0. Let m be (104 - -1)*(-16)/f. Suppose -4*h + m = 2*h. What is the t